ultiple of 5?
False
Is 20604 a multiple of 34?
True
Does 16 divide 2879?
False
Does 2 divide 3176?
True
Does 7 divide 819?
True
Is 377 a multiple of 5?
False
Is 405 a multiple of 45?
True
Is 2135 a multiple of 13?
False
Is 44 a factor of 3813?
False
Does 2 divide 1206?
True
Is 4 a factor of 466?
False
Is 1340 a multiple of 10?
True
Is 56 a factor of 9072?
True
Is 161 a multiple of 13?
False
Is 88 a factor of 352?
True
Is 1559 a multiple of 5?
False
Is 31 a factor of 60574?
True
Does 21 divide 5067?
False
Does 41 divide 4909?
False
Does 13 divide 103?
False
Does 5 divide 410?
True
Is 125 a factor of 4319?
False
Does 89 divide 2937?
True
Is 28 a factor of 26180?
True
Is 83 a factor of 1577?
True
Does 19 divide 55974?
True
Is 7 a factor of 531?
False
Is 28680 a multiple of 21?
False
Does 21 divide 2066?
False
Is 110 a multiple of 4?
False
Is 23760 a multiple of 24?
True
Is 61 a factor of 520?
False
Does 85 divide 51092?
False
Is 26 a factor of 806?
True
Is 12 a factor of 636?
True
Is 11 a factor of 976?
False
Is 18 a factor of 1188?
True
Does 7 divide 532?
True
Does 82 divide 606?
False
Is 8983 a multiple of 13?
True
Does 65 divide 1704?
False
Is 21 a factor of 8043?
True
Is 32 a factor of 4987?
False
Is 6768 a multiple of 25?
False
Is 198 a factor of 19458?
False
Does 6 divide 15972?
True
Is 8 a factor of 39?
False
Does 8 divide 625?
False
Does 7 divide 144?
False
Is 4 a factor of 829?
False
Is 41 a factor of 1312?
True
Is 22896 a multiple of 53?
True
Is 2279 a multiple of 18?
False
Is 387 a multiple of 9?
True
Is 203 a factor of 47918?
False
Is 91 a factor of 30587?
False
Is 24 a factor of 18840?
True
Is 36486 a multiple of 37?
False
Does 53 divide 3452?
False
Does 29 divide 2958?
True
Does 11 divide 2187?
False
Is 405 a multiple of 9?
True
Does 31 divide 2232?
True
Is 11 a factor of 656?
False
Is 24 a factor of 1831?
False
Does 17 divide 1275?
True
Is 22 a factor of 2486?
True
Does 224 divide 70320?
False
Is 2815 a multiple of 71?
False
Is 30 a factor of 1558?
False
Does 22 divide 1012?
True
Does 74 divide 778?
False
Does 70 divide 13160?
True
Is 3 a factor of 30?
True
Is 46 a factor of 26863?
False
Is 6 a factor of 486?
True
Is 24 a factor of 382?
False
Is 11 a factor of 8215?
False
Is 12 a factor of 126?
False
Is 63868 a multiple of 13?
False
Is 16039 a multiple of 317?
False
Is 38 a factor of 186?
False
Is 216 a multiple of 72?
True
Is 84 a factor of 30072?
True
Is 259 a factor of 45325?
True
Is 9030 a multiple of 129?
True
Does 9 divide 1944?
True
Does 160 divide 15200?
True
Does 13 divide 24752?
True
Is 8 a factor of 10498?
False
Does 19 divide 10469?
True
Is 107 a factor of 14928?
False
Is 61 a factor of 1098?
True
Is 35 a factor of 49070?
True
Is 11 a factor of 924?
True
Does 11 divide 12233?
False
Does 25 divide 5525?
True
Is 28178 a multiple of 13?
False
Does 36 divide 202?
False
Is 760 a multiple of 20?
True
Is 13436 a multiple of 160?
False
Is 52771 a multiple of 113?
True
Is 59324 a multiple of 226?
False
Is 131 a factor of 203?
False
Is 9 a factor of 1310?
False
Is 11 a factor of 66?
True
Is 138 a factor of 44152?
False
Is 26061 a multiple of 17?
True
Is 1000 a multiple of 8?
True
Is 4 a factor of 25008?
True
Is 585 a multiple of 39?
True
Is 23 a factor of 27964?
False
Is 13 a factor of 258?
False
Is 152298 a multiple of 34?
False
Is 12 a factor of 14556?
True
Is 791 a multiple of 87?
False
Is 10 a factor of 4230?
True
Is 990 a multiple of 11?
True
Does 9 divide 2331?
True
Does 12 divide 420?
True
Is 225 a multiple of 4?
False
Is 2989 a multiple of 113?
False
Is 182 a multiple of 13?
True
Is 32 a factor of 3584?
True
Is 36021 a multiple of 204?
False
Is 7 a factor of 1333?
False
Is 39 a factor of 20553?
True
Does 11 divide 979?
True
Is 756 even?
True
Is 19 a factor of 7660?
False
Is 191 a factor of 382?
True
Is 4284 a multiple of 68?
True
Does 63 divide 252?
True
Is 175 a multiple of 2?
False
Does 6 divide 152?
False
Is 78 a multiple of 14?
False
Is 91 a multiple of 2?
False
Does 94 divide 4982?
True
Does 10 divide 99?
False
Does 17 divide 45038?
False
Does 17 divide 25457?
False
Is 4 a factor of 1901?
False
Is 46 a factor of 277?
False
Is 2261 a multiple of 26?
False
Does 12 divide 700?
False
Is 164 a factor of 10496?
True
Does 70 divide 23170?
True
Is 12208 a multiple of 16?
True
Is 111 a factor of 58031?
False
Does 24 divide 288?
True
Is 20 a factor of 1020?
True
Is 35 a factor of 560?
True
Does 5 divide 195?
True
Is 3648 a multiple of 12?
True
Does 12 divide 2366?
False
Does 18 divide 1044?
True
Is 5 a factor of 660?
True
Does 44 divide 836?
True
Does 88 divide 2816?
True
Does 8 divide 2272?
True
Is 35215 a multiple of 16?
False
Does 32 divide 12641?
False
Does 27 divide 1272?
False
Does 119 divide 1547?
True
Is 440 a multiple of 22?
True
Does 43 divide 19866?
True
Is 651 a multiple of 16?
False
Does 203 divide 23550?
False
Is 16 a factor of 160?
True
Is 12 a factor of 348?
True
Is 66378 a multiple of 138?
True
Is 57505 a multiple of 217?
True
Is 12038 a multiple of 9?
False
Does 53 divide 33072?
True
Is 2030 a multiple of 7?
True
Does 18 divide 2452?
False
Is 910 a multiple of 9?
False
Does 69 divide 17463?
False
Does 49 divide 49?
True
Is 8 a factor of 24?
True
Is 3403 a multiple of 20?
False
Does 123 divide 18448?
False
Is 3386 even?
True
Is 5548 even?
True
Is 70 a factor of 4900?
True
Does 154 divide 4330?
False
Is 4640 a multiple of 40?
True
Is 992 even?
True
Does 17 divide 40035?
True
Is 10320 a multiple of 19?
False
Is 47 a factor of 254?
False
Is 15151 a multiple of 51?
False
Is 3508 a multiple of 19?
False
Is 152 a factor of 2280?
True
Does 3 divide 267?
True
Is 59 a factor of 2565?
False
Is 108889 a multiple of 33?
False
Is 269 a multiple of 47?
False
Is 562 a multiple of 69?
False
Does 52 divide 24492?
True
Is 144 a factor of 8064?
True
Does 6 divide 106?
False
Is 2 a factor of 9314?
True
Is 117 a factor of 13572?
True
Is 896 a multiple of 14?
True
Does 23 divide 1026?
False
Is 36 a multiple of 36?
True
Is 68 a factor of 21528?
False
Does 80 divide 3680?
True
Does 15 divide 195?
True
Is 549 a multiple of 8?
False
Is 19 a factor of 1197?
True
Is 196 a multiple of 78?
False
Is 11 a factor of 1078?
True
Does 33 divide 36894?
True
Does 18 divide 72?
True
Does 16 divide 9952?
True
Is 293 a multiple of 45?
False
Does 75 divide 73464?
False
Is 14 a factor of 18662?
True
Is 4 a factor of 2312?
True
Is 700 a multiple of 5?
True
Is 60 a factor of 60?
True
Is 8221 a multiple of 20?
False
Is 12 a factor of 1308?
True
Is 2306 a multiple of 69?
False
Is 19810 a multiple of 5?
True
Is 38250 a multiple of 51?
True
Does 9 divide 3411?
True
Does 24 divide 3770?
False
Does 66 divide 912?
False
Is 1710 a multiple of 38?
True
Is 30 a factor of 225?
False
Does 30 divide 3750?
True
Is 8 a factor of 15856?
True
Does 45 divide 5603?
False
Does 15 divide 759?
False
Does 68 divide 1078?
False
Is 28 a factor of 1787?
False
Is 61 a factor of 4138?
False
Is 52 a factor of 1040?
True
Does 18 divide 54?
True
Is 4930 a multiple of 58?
True
Is 39 a factor of 6932?
False
Does 97 divide 3783?
True
Is 13 a factor of 32588?
False
Is 36 a factor of 867?
False
Does 15 divide 21735?
True
Is 54 a factor of 39449?
False
Does 37 divide 703?
True
Is 2199 a multiple of 52?
False
Does 93 divide 9140?
False
Does 7 divide 1125?
False
Does 18 divide 5382?
True
Is 336 even?
True
Is 481 a multiple of 5?
False
Is 17321 a multiple of 174?
False
Is 21 a factor of 3389?
False
Is 56644 a multiple of 238?
True
Does 37 divide 1410?
False
Does 13 divide 2275?
True
Does 6 divide 42?
True
Is 149 a factor of 70507?
False
Is 20 a factor of 2163?
False
Is 49 a factor of 196?
True
Is 1056 a multiple of 44?
True
Is 2912 a multiple of 56?
True
Is 10337 a multiple of 6?
False
Is 7 a factor of 10101?
True
Does 41 divide 660?
False
Does 79 divide 474?
True
Is 207 a multiple of 12?
False
Is 33705 a multiple of 107?
True
Is 7338 a multiple of 17?
False
Is 46 a factor of 966?
True
Is 12 a factor of 4728?
True
Is 862 a multiple of 60?
False
Does 7 divide 1673?
True
Is 51633 a multiple of 96?
False
Is 173 a multiple of 2?
False
Is 98 a factor of 4998?
True
Is 1092 a multiple of 39?
True
Is 7625 a multiple of 13?
False
Does 139 divide 4197?
False
Does 4 divide 40?
True
Is 10 a factor of